{"id":407,"date":"2021-07-17T10:39:31","date_gmt":"2021-07-17T10:39:31","guid":{"rendered":"https:\/\/demo.athemes.com\/botiga\/?post_type=product&#038;p=40"},"modified":"2025-03-20T12:16:44","modified_gmt":"2025-03-20T12:16:44","slug":"facial-treatment-essence-pitera-essence","status":"publish","type":"product","link":"https:\/\/fitnessbooks.orthos.es\/index.php\/producto\/facial-treatment-essence-pitera-essence\/","title":{"rendered":"Nutrici\u00f3n Deportiva"},"content":{"rendered":"<p>La nutrici\u00f3n es uno de los tres elementos fundamentales de la adaptaci\u00f3n del organismo al entrenamiento, junto con el descanso y el trabajo f\u00edsico. La nutrici\u00f3n, bien controlada, puede ser un factor de \u00e9xito en el rendimiento de un deportista y, por medio de manipulaciones alimentarios y el correcto uso de suplementos y ayudas ergog\u00e9nicas, podemos ayudar a los deportistas a tener mejores resultados.<\/p>\n","protected":false},"excerpt":{"rendered":"<p>Orientar\u00e1s en los h\u00e1bitos alimentarios y modificar\u00e1s la dieta de los deportistas que buscan rendimiento en los entrenamientos y la competici\u00f3n.<\/p>\n","protected":false},"featured_media":598,"comment_status":"open","ping_status":"closed","template":"","meta":[],"product_brand":[],"product_cat":[16],"product_tag":[],"class_list":{"0":"post-407","1":"product","2":"type-product","3":"status-publish","4":"has-post-thumbnail","6":"product_cat-fitness","8":"first","9":"instock","10":"sale","11":"shipping-taxable","12":"purchasable","13":"product-type-simple"},"_links":{"self":[{"href":"https:\/\/fitnessbooks.orthos.es\/index.php\/wp-json\/wp\/v2\/product\/407","targetHints":{"allow":["GET"]}}],"collection":[{"href":"https:\/\/fitnessbooks.orthos.es\/index.php\/wp-json\/wp\/v2\/product"}],"about":[{"href":"https:\/\/fitnessbooks.orthos.es\/index.php\/wp-json\/wp\/v2\/types\/product"}],"replies":[{"embeddable":true,"href":"https:\/\/fitnessbooks.orthos.es\/index.php\/wp-json\/wp\/v2\/comments?post=407"}],"wp:featuredmedia":[{"embeddable":true,"href":"https:\/\/fitnessbooks.orthos.es\/index.php\/wp-json\/wp\/v2\/media\/598"}],"wp:attachment":[{"href":"https:\/\/fitnessbooks.orthos.es\/index.php\/wp-json\/wp\/v2\/media?parent=407"}],"wp:term":[{"taxonomy":"product_brand","embeddable":true,"href":"https:\/\/fitnessbooks.orthos.es\/index.php\/wp-json\/wp\/v2\/product_brand?post=407"},{"taxonomy":"product_cat","embeddable":true,"href":"https:\/\/fitnessbooks.orthos.es\/index.php\/wp-json\/wp\/v2\/product_cat?post=407"},{"taxonomy":"product_tag","embeddable":true,"href":"https:\/\/fitnessbooks.orthos.es\/index.php\/wp-json\/wp\/v2\/product_tag?post=407"}],"curies":[{"name":"wp","href":"https:\/\/api.w.org\/{rel}","templated":true}]}}